 is the tens digit of j(-87)?
7
Let b(d) = -25*d**2 + 42*d - 91. Let h(z) = -5*z**2 + 8*z - 18. Let w(q) = 2*b(q) - 11*h(q). What is the units digit of w(4)?
0
Suppose -3*h = 5*a + 13, -a + 3*h - 6*h = 5. Let v be a/7 - 518/(-98). Suppose -6*y - 275 = -v*b - y, -95 = -2*b + 5*y. What is the units digit of b?
0
Let w = 2704 + 19986. What is the units digit of w?
0
Suppose -7*r - 46*r = -833863 - 1270608. What is the hundreds digit of r?
7
Suppose -27*p = -24*p + 72. Let r = 45 - p. Let x = r - -6. What is the tens digit of x?
7
Let v = -259 + 279. What is the hundreds digit of 3371/5 + ((-84)/v - -4)?
6
Suppose 0 = 20*b - 2*b - 153666 - 17748. What is the hundreds digit of b?
5
Let f be (-1687)/(-6) - (-5)/6. Suppose -6*b = -480 + f. What is the tens digit of b?
3
Let g(n) = -2*n + 15. Let u be g(9). Let v = u + 6. What is the units digit of 100 + 2/(v - 5)?
9
Suppose -342*y = -327*y - 43020. What is the tens digit of y?
6
Let i = -130 - -132. Suppose -i*d + 65 = -d. What is the tens digit of d?
6
Let b = 877 + -1555. What is the tens digit of ((-56)/21)/(4/b)?
5
Suppose -3*s = -3*l - 5346, 4*l = -3*s + 8497 - 3179. Suppose 1238 + 3205 = 5*n + 3*i, -s = -2*n - i. What is the tens digit of n?
9
Let d = -955 + 1936. Let q = -506 + d. What is the hundreds digit of q?
4
Let i = 5 - 2. Suppose 22*v + 60 = 32*v. Suppose z - 21 = -5*q, i*q + v*z - 17 = z. What is the units digit of q?
4
Let t be 6 - (3 + (-3 - -3)). What is the units digit of 4/t*21/(-14) + 507?
5
Suppose -4*k - 16 = 0, -5*n + 926*k + 73418 = 929*k. What is the units digit of n?
6
What is the units digit of (-1 - 5/(-9)) + 21220266/2781?
0
Suppose 116 = -j + t, 4*j + j - 2*t + 571 = 0. Let a = j - -115. What is the units digit of a?
2
Let b = 5710 - -10004. What is the ten thousands digit of b?
1
Suppose 14247 = 4*g + 40695. What is the tens digit of 147/35 + -4 - g/15?
4
Let u = -768 - -451. Let j = u - -211. What is the units digit of (1 + -3)*j/4?
3
Let d(r) = -r - 58. Let u be d(-49). What is the hundreds digit of u/(108/(-8)) - 26172/(-27)?
9
Suppose 4*r - 1875 = -v, 4*v - 1757 - 5743 = 4*r. Suppose 4*y + 223 - v = 0. What is the tens digit of y?
1
Suppose -1281*p = -1291*p + 8750. What is the tens digit of p?
7
Suppose 2*a + 91 = a. Let j = -200 - -162. Let x = j - a. What is the units digit of x?
3
Suppose -v + 8 + 11 = 0. Suppose -3*b + 3*d + 56 + v = 0, -5*d = -4*b + 105. Suppose -4*y = -5*u - 2*y + 126, -u = -3*y - b. What is the tens digit of u?
2
Let i(k) = 4*k**3 - k + 1. Let u be (1*(-1)/(-2))/((-14)/(-140)). Suppose 0 = 3*z - u*g - 6 - 0, -4 = -2*z - 5*g. What is the tens digit of i(z)?
3
Suppose 5*x = -2*o + 236227, -6*x + 166*o - 171*o + 283475 = 0. What is the ten thousands digit of x?
4
Suppose 5*s + 4*b = 60637, -3*s - 331 = 4*b - 36718. What is the hundreds digit of s?
1
Let h = 31 - 5. Suppose -2*r + 6 = 0, 2*l = 5*r - h - 15. Let i(d) = -d**3 - 13*d**2 - d - 2. What is the tens digit of i(l)?
1
Suppose 0 = 5*v + 5*j - 20, 3*j - 7 = -v - j. Suppose v*w + 91 = 2*u - 17, -2*w - 270 = -5*u. Suppose 48 = 3*r - u. What is the tens digit of r?
3
Suppose -3*o = -4*t - 14, 0 = 3*t + 15*o - 19*o + 14. What is the tens digit of 4*(t/13 + (-10364)/(-104))?
9
Suppose -30*o + 893285 = 23*o - 805100. What is the thousands digit of o?
2
Let k = -81 - -91. Let d(a) = -a**3 + 10*a**2 + 13*a - 27. What is the units digit of d(k)?
3
Let j = -37629 + 55602. What is the tens digit of j?
7
Let k be (-4)/(-2)*-2*2. Let v(u) = -61*u**2 - 10*u - 85. Let z(y) = -48*y**2 - 8*y - 68. Let t(m) = 11*v(m) - 14*z(m). What is the tens digit of t(k)?
6
Let h(g) = 1379*g**2 - 114*g - 396. What is the hundreds digit of h(-6)?
9
Let y = -353 - -358. Suppose 5*u - 2*x + 5*x = 1926, -4*u - y*x + 1533 = 0. What is the tens digit of u?
8
Suppose -16*s + 12*s + 1444 = 0. Suppose -s = 2*q - 1025. What is the units digit of q?
2
Let n(v) = -885*v + 2861. What is the units digit of n(3)?
6
Suppose t = 2*i - 1 - 28, -3*i - 5*t = -76. Suppose i*b = b + 15376. What is the tens digit of b?
6
Let w(t) = -t**3 - 10*t**2 - 33*t - 40. Let p be w(-13). Let c = p - 638. What is the hundreds digit of c?
2
Suppose 3*c - 7 + 10 = 0, -5*h + 14*c = -138244. What is the tens digit of h?
4
What is the hundreds digit of (-163612)/(-11) - (-7 - (-150)/22)?
8
Let g be (-690)/(-6) - (-1 + -4). Let o = g - 116. Suppose 3*r = 2*h + 617, 3*r - 614 = -o*h + 3*h. What is the hundreds digit of r?
2
Suppose -2*x + l = -2268 - 66, 0 = -2*x + 3*l + 2330. Let k = 295 + x. What is the tens digit of k?
6
Suppose -m = 4*m + 4*y - 18, 0 = 4*m + 2*y - 18. Suppose -3*r + 2*r - 2*j + m = 0, 0 = 2*j + 10. What is the units digit of (-134)/(-12)*10 + r/12?
3
Let a(j) = 105*j**2 + 7*j - 10. Let k be a(-6). Suppose 48*x - 46*x - 1864 = -3*i, 0 = -4*x + 2*i + k. What is the tens digit of x?
3
Let a = -68061 + 106719. What is the units digit of a?
8
Suppose -19*i - 7844 = -20*i - 3*s, 31336 = 4*i + 2*s. What is the tens digit of i?
3
Let j = -3919 - -12391. What is the thousands digit of j?
8
Let x be -5 + 4 + 2 + 3. Let u(a) = -a + 17. Let y be u(15). Suppose -5*n + 3*n + 4 = 0, -x*n = -y*m + 310. What is the units digit of m?
9
Let l = 643 + -642. What is the tens digit of 1431/l - -4*15/(-10)?
2
Let a be (-6)/(-48) - ((-305)/(-8) + -1). What is the units digit of (a + -2561)/(2 + -4)?
9
Let d(b) = 4*b**3 + 2*b**2 - 68*b + 792. What is the tens digit of d(25)?
4
Let n be (-145)/15 + (-1)/3. Let l(f) = 2*f**2 + 4*f + 1 - 24 + 2*f + 6. What is the hundreds digit of l(n)?
1
Let f be (-9)/6*(-32)/12. What is the hundreds digit of ((-7)/2 + f)/(9/25182)?
3
Let q(m) = 11*m**2 - 468*m + 570. What is the units digit of q(97)?
3
Suppose -20*c - 273921 = -61*c. What is the hundreds digit of c?
6
Let k(o) = 1060*o**2 - 120*o - 949. What is the thousands digit of k(-8)?
7
Let x be ((-8)/10)/(2/(-5)). Let w be ((-16)/20 - 0)*-10. Suppose x*a = w, 4*o + a = 2*a + 16. What is the units digit of o?
5
Let b be ((-24)/30)/((-2)/4445) + -2. Suppose -5*j = 2*p - 715, -p - 4*p + b = j. What is the tens digit of p?
5
What is the units digit of ((-156)/(-9) - -2)*-96*(12 - 15)?
8
Let x = -8 - -2. Let t(u) be the third derivative of u**5/60 + u**4/6 - u**3 + 9*u**2. What is the units digit of t(x)?
6
Let n be 282/4*50/15. Let j be (-1)/5 + 0 - (-47)/n. Suppose 0 = -3*w + 5*k + 276, -3*k = 5*w - j*k - 460. What is the units digit of w?
2
Let c = 29 - 55. Suppose -7*y + 4*p + 232 = -12*y, -3*y - 141 = 3*p. Let g = c - y. What is the units digit of g?
8
Let n be (-8)/6*6/(-4). Let c(s) = 15*s - 237. Let w be c(16). Suppose w*d + n*d = -m + 49, -2*d - 21 = -m. What is the tens digit of m?
2
Suppose 0 = 2*d + o - 270, 2*d + 7*o = 3*o + 276. Suppose 9 = 7*q - 215. Let p = q + d. What is the units digit of p?
6
Suppose 73*m - 4*t = 72*m + 6580, 2*t + 12 = 0. What is the thousands digit of m?
6
Let d be (4/10)/((-2)/4*(-35)/(-1750)). Suppose -5*m + 3*z = 19971, -3*z = m + 2*m + 11997. What is the units digit of m/(-32) + (-5)/d?
5
Let x(d) = 399*d**2 + 47*d + 2. What is the hundreds digit of x(-1)?
3
Suppose 4*q = 6*q - 6. Suppose -2*k - 3 + 5 = 2*v, 0 = -4*v - q*k - 1. What is the units digit of (v - -27)*4 + 1?
3
Suppose -3*k + 2*l + 323 = -3*l, 565 = 5*k - 3*l. Suppose -5*f = -k - 109. Let x = f - -45. What is the units digit of x?
0
Let u = -111 - -79. Let r = 35 + u. Suppose -r*q - 468 = -9*q. What is the units digit of q?
8
Let a(p) = p**3 - 7*p**2 + 10*p + 8. Let b be a(4). Suppose 2*y = 6, -3*n = -b*n + 4*y - 165. Let g = n + 7. What is the units digit of g?
8
What is the hundreds digit of (10 - (-78)/(-8))/((-2)/(-38008))?
7
Let j be 0*1/(-2)*(23 - 24). Let m(a) = -2*a**3 + 5*a**2 - 3*a + 718. What is the hundreds digit of m(j)?
7
Suppose 7*c - 6*c - 2*b = 2087, 4*b - 8372 = -4*c. What is the units digit of (-24)/(-3) + c + -35?
4
Suppose 0*w + 1722 = w + t, 5*w + 2*t = 8604. Suppose 6*z = w - 100. Suppose -2*o - 4*c + 108 = 0, 2*o = 7*o + 4*c - z. What is the units digit of o?
4
Let r(c) = 3*c**2 - 31*c - 19. Let t = -46 - -48. Suppose g - 30 - 5 = -4*w, -t*g + 55 = 5*w. What is the hundreds digit of r(g)?
1
Let u = 182 + -113. Let n = u - 69. Suppose n = -o - 6 + 116. What is the units digit of o?
0
What is the units digit of 1 + 5581/7 - 13*(-14)/(-637)?
8
Suppos